l - 1249. Give p(-4).
-13
Let d(s) = -2*s**3 - 55*s**2 + 190*s + 5612. Give d(-27).
-247
Let c(v) = -695*v - 360070. Calculate c(-518).
-60
Let m(r) = 93*r**2 - 10*r - 1. Determine m(-1).
102
Let r(l) = 1118*l - 6545. Calculate r(7).
1281
Let f(j) = j**3 + 237*j**2 - 629*j - 36150. Determine f(-239).
-61
Let l(b) = -7255*b + 239434. Give l(33).
19
Let m(p) = 1526*p + 109878. Determine m(-72).
6
Let k(t) = -t**3 + 309*t**2 + 643*t - 7397. What is k(311)?
-866
Let m(c) = 5661*c + 1970030. Calculate m(-348).
2
Let y(c) = -75588*c + 302344. What is y(4)?
-8
Let o(q) = q**2 - 21*q + 634. Calculate o(40).
1394
Let o(y) = -y**2 - 31932*y + 171. Determine o(0).
171
Let l(i) = -2*i**3 - 522*i**2 + 48. Give l(-261).
48
Let l(z) = 17046*z - 34254. Determine l(2).
-162
Let m(w) = -1075*w - 70794. Give m(-66).
156
Let f(u) = 73*u**2 - 5474*u - 87. Calculate f(75).
-12
Let k(y) = -y**2 - 313*y + 15301. Give k(43).
-7
Let j(g) = -2*g**3 - 279*g**2 - 9513*g + 9670. Give j(-64).
6
Let n(i) = 3*i**3 + 164*i**2 + 414*i - 236. What is n(-52)?
-132
Let n(b) = b**2 + 7*b - 10563. Determine n(101).
345
Let q(j) = -4*j**2 - 2819*j + 164725. Determine q(-759).
22
Let i(b) = b**3 - 18*b**2 - 172*b + 2971. Determine i(12).
43
Let j(w) = -w**3 + 169*w**2 - 477*w - 2603. Determine j(166).
883
Let w(a) = 2*a**2 - 665*a + 53988. Calculate w(191).
-65
Let y(t) = 132*t - 7656. Give y(60).
264
Let h(n) = 9*n**3 - n**2 - 1329*n + 4. Determine h(0).
4
Let p(j) = -390559*j - 390571. Give p(-1).
-12
Let z(a) = -2*a**2 - 179859*a + 1079190. Give z(6).
-36
Let j(t) = 517059*t + 21199406. What is j(-41)?
-13
Let a(l) = 5268*l + 136966. Give a(-26).
-2
Let l(r) = -r**2 - 25*r - 274. Calculate l(-19).
-160
Let d(v) = v**2 - 9254*v - 101479. Determine d(-11).
436
Let y(b) = 2249*b + 1994802. Calculate y(-887).
-61
Let y(k) = 2*k**2 + 839*k + 50853. Calculate y(-346).
-9
Let f(k) = 6767*k + 95297. What is f(-14)?
559
Let r(q) = 5*q**3 - 1042*q**2 + 417*q - 368. Calculate r(208).
-160
Let g(i) = 2384*i + 3525. Determine g(-2).
-1243
Let h(p) = 251*p + 13906. Determine h(-49).
1607
Let a(o) = 1961*o - 831460. Determine a(424).
4
Let n(s) = -2*s**3 - 102*s**2 - 616*s + 5. Calculate n(-7).
5
Let a(f) = -f**2 + 160*f - 2186. Determine a(134).
1298
Let n(r) = 8463*r - 8493. Determine n(1).
-30
Let m(x) = 569*x + 29060. Calculate m(-49).
1179
Let r(w) = w**2 - 12282*w - 86083. What is r(-7)?
-60
Let b(s) = -2164*s + 456. Give b(-1).
2620
Let v(g) = 8*g**2 - 52417*g - 13. Determine v(0).
-13
Let x(r) = -8*r**2 - 10161*r + 247148. Calculate x(-1294).
-6
Let s(c) = -c**3 + 131*c**2 - 2000*c - 597. Calculate s(18).
15
Let s(q) = 5393*q - 52810. Give s(10).
1120
Let h(y) = 125*y**3 - 125248*y**2 - 2009*y + 5010. Give h(1002).
0
Let q(d) = -2062478*d - 49499467. Determine q(-24).
5
Let f(l) = 3*l**3 - 502*l**2 + 10334*l - 348. Calculate f(24).
-12
Let l(c) = -1696*c**2 + 18669*c - 144. What is l(11)?
-1
Let o(p) = 6110*p**2 + 61004*p - 956. Give o(-10).
4
Let j(q) = -177*q**2 - 1945*q + 10. Determine j(-11).
-12
Let a(h) = 2*h**2 + 3777*h - 45726. Determine a(12).
-114
Let p(h) = h**3 + 7*h**2 - 14*h + 237. Determine p(9).
1407
Let r(j) = -2*j**3 + 31*j**2 + 25*j - 617. Calculate r(12).
691
Let o(j) = 2*j**3 + 14*j**2 + 18*j + 14. Give o(-9).
-472
Let i(y) = 7316*y - 80783. What is i(11)?
-307
Let z(h) = 4*h**2 - 4890*h - 46. Calculate z(0).
-46
Let g(s) = -4*s**3 - 16*s**2 + 212*s + 668. Calculate g(-3).
-4
Let x(m) = -m**3 + 35*m**2 + 11933*m - 48235. Calculate x(4).
-7
Let y(z) = -975*z + 287485. Determine y(295).
-140
Let r(c) = 6*c**2 + 295*c - 548. Determine r(-51).
13
Let c(j) = -33*j**2 + 2579*j + 899. Calculate c(76).
6295
Let s(p) = -2*p**3 - 152*p**2 + 132*p - 879. Give s(-77).
815
Let r(h) = 3699*h - 18111. Determine r(5).
384
Let x(b) = -b**3 + 92*b**2 + 90*b - 8301. Calculate x(92).
-21
Let v(p) = 61*p**2 - 4278*p + 573. Give v(70).
13
Let w(p) = 10712*p - 160663. Give w(15).
17
Let p(u) = -25*u**3 - 277*u**2 + 251*u + 29. Determine p(1).
-22
Let x(p) = -27372*p - 3120364. Determine x(-114).
44
Let x(w) = -4719*w + 4431126. Give x(939).
-15
Let h(x) = 112*x**2 - 2367*x + 92. Give h(22).
2226
Let r(a) = -91806*a + 18269387. Calculate r(199).
-7
Let n(z) = 23*z**2 - 937*z - 49. What is n(42)?
1169
Let g(j) = -j**2 - 140*j + 31. Determine g(-141).
-110
Let p(f) = 123*f**3 + 2461*f**2 + 33*f + 273. Give p(-20).
13
Let u(z) = 864*z**2 + 5146*z - 230. What is u(-6)?
-2
Let i(l) = -1354587*l - 6772940. What is i(-5)?
-5
Let h(j) = -j**3 - 2*j**2 + 3052*j - 18019. Determine h(6).
5
Let j(u) = -u**3 + 16*u**2 + 6268*u - 69561. Give j(11).
-8
Let r(u) = -u**2 - 138*u - 2910. Calculate r(-26).
2
Let m(y) = -y**3 + 97*y**2 - 1636*y - 138. What is m(22)?
170
Let i(l) = 371*l - 35643. Calculate i(96).
-27
Let u(g) = -g**3 - 68*g**2 + 2335*g + 861. What is u(-93)?
-69
Let j(f) = -230*f + 53863. Determine j(234).
43
Let i(o) = 360*o**2 + 3225*o - 166. Calculate i(-9).
-31
Let c(b) = 23*b**3 + 33*b**2 - 51*b - 100. Determine c(-2).
-50
Let k(r) = -r**2 + 5*r + 5948. Give k(81).
-208
Let h(l) = -27*l**3 + 647*l**2 + 36*l - 316. What is h(24)?
-28
Let j(o) = o**2 - 873*o + 2634. Determine j(3).
24
Let y(c) = -101*c**2 + 1035*c - 239. Determine y(10).
11
Let w(c) = 5663*c + 90591. Calculate w(-16).
-17
Let y(j) = 44761*j - 2238065. What is y(50)?
-15
Let s(y) = 12597*y + 63007. Determine s(-5).
22
Let t(x) = 6*x**3 + 337*x**2 + 708*x + 273. Determine t(-54).
-51
Let o(q) = -23*q**2 - 6320*q + 1361. Determine o(-275).
-14
Let k(x) = x**3 - 3*x**2 - 96*x + 109. Determine k(9).
-269
Let o(y) = y**2 - 637*y + 42768. What is o(76)?
132
Let z(s) = 2*s**2 + 731*s + 27176. What is z(-42)?
2
Let k(p) = -4*p**3 + 271*p**2 + 2836*p - 158. Calculate k(77).
-1159
Let u(h) = 80*h + 5. Determine u(-3).
-235
Let m(a) = -3*a**3 - a**2 + 237230*a - 237231. Determine m(1).
-5
Let d(z) = -6*z**2 - 319*z - 18. Give d(-53).
35
Let o(j) = -j**2 - 55*j + 2151. What is o(36)?
-1125
Let w(i) = -i**3 + 640*i**2 - 7406*i - 1551. What is w(12)?
9
Let h(z) = -z**3 - 46*z**2 + 120*z + 1138. Calculate h(-48).
-14
Let p(c) = c**3 - 7*c**2 - 555*c + 3884. Give p(7).
-1
Let b(v) = 3*v**3 + 18*v**2 - 26*v - 107. Calculate b(-4).
93
Let f(g) = -4147*g + 2210350. What is f(533)?
-1
Let k(p) = 7793021*p + 46758129. What is k(-6)?
3
Let m(p) = -p**3 - 396*p**2 - 1564*p + 1740. Determine m(-392).
172
Let t(h) = 84*h - 20934. Give t(250).
66
Let v(o) = -16353*o + 65705. What is v(4)?
293
Let w(y) = -25149*y - 50333. What is w(-2)?
-35
Let i(l) = 49*l**2 + 136*l + 975. Determine i(-6).
1923
Let a(f) = -f**2 - 1281*f + 21733. Determine a(17).
-333
Let z(p) = -1020*p + 29230. Determine z(30).
-1370
Let f(x) = -2*x**3 - 840*x**2 - 3342*x + 7. Determine f(-4).
63
Let p(f) = 221*f + 13387. Calculate p(-60).
127
Let g(j) = -3*j**3 - 12*j**2 + 41*j + 337. What is g(-9)?
1183
Let i(h) = -335*h**2 - 3393*h - 96. Calculate i(-10).
334
Let t(m) = -8*m**2 - 969*m - 29281. Determine t(-59).
42
Let z(f) = -4*f**2 - 259*f + 1152. Calculate z(-69).
-21
Let n(h) = -28666*h - 171607. Determine n(-6).
389
Let b(c) = -54*c - 18355. Give b(-338).
-103
Let n(y) = y**3 + 69*y**2 + 1362*y - 57. Give n(-33).
-5799
Let k(c) = 1444*c - 10029. What is k(7)?
79
Let y(n) = 79011*n - 16592336. What is y(210)?
-26
Let o(m) = m**3 - 19*m**2 + 117*m - 252. Calculate o(10).
18
Let c(w) = -w**3 + 58*w**2 + 233*w - 67. What is c(-4)?
-7
Let t(j) = -3*j**2 - 784223*j - 784224. Calculate t(-1).
-4
Let z(c) = 63*c**2 - 44854*c - 1414. Determine z(712).
10
Let p(j) = 2240*j + 477121. What is p(-213)?
1
Let k(v) = 35*v**2 + 94*v - 359. Determine k(-5).
46
Let g(i) = 43534*i - 217662. Calculate g(5).
8
Let t(p) = p**3 + 18*p**2 - 559*p - 10394. What is t(-20)?
-14
Let i(p) = 24*p - 364. Calculate i(21).
140
Let p(o) = o**3 - 31*o**2 - 894*o - 231. Determine p(-18).
-15
Let v(a) = a**2 - 283*a + 5282. Determine v(20).
22
Let m(h) = -6*h**3 + 2978*h**2 + 4988*h - 3975. Calculate m(498).
9
Let i(x) = 339*x**3 + 19*x**2 + 8*x + 4. Determine i(-1).
-324
Let o(i) = -4829*i + 2110274. Give o(437).
1
Let d(o) = -o**3 + 60*o**2 - 695*o + 1888. Calculate d(4).
4
Let j(g) = 3*g**2 + 13*g + 186. Calculate j(-7).
242
Let o(z) = z**2 - 1285*z - 612290. Calculate o(-370).
60
Let v(x) = -2*x**3 + 6*x*